ose -3*u + 3 = 2*p - 4, 0 = -2*p - 5*u + 5. Suppose 5*r - 2*l - 29 = 0, -p*l = r - l + 3. Let v = -1 + r. What is the units digit of v?
4
Suppose 53*g - 1659 = 46*g. What is the hundreds digit of g?
2
What is the tens digit of 97 - (4/6)/((-6)/(-27))?
9
Let c = 0 + -23. Suppose -2*g - 156 = 2*g. Let b = c - g. What is the tens digit of b?
1
What is the units digit of 25 - -3*2/3?
7
Let g(r) = r**2 - r - 3. Let t be g(3). Let h be 164/5 + t/15. Suppose -5*c + h = 13. What is the units digit of c?
4
Let l(m) = -5*m**3 + 3*m**3 + 6 + m**3 + 9*m**2 + 4 - 12*m. What is the units digit of l(6)?
6
Suppose 0 = -3*d - 2*d + 10. Suppose -4 = -d*t + 2. What is the units digit of t?
3
Let f(m) = 0*m**2 + 2*m**2 - 4 + 4 + 3 + 3*m. What is the units digit of f(-2)?
5
What is the tens digit of 256/24 + 4/(-6)?
1
Let x = 10 - -3. Suppose 4*u - 89 + x = 0. What is the tens digit of u?
1
Suppose 0 = g - 5*g + 24. Let n be 1*g - (-4 + 4). Let r = n + -3. What is the units digit of r?
3
Let d be (-9)/4 + (-4)/(-16). Let q = 2 - d. Suppose -q = -5*j + 46. What is the units digit of j?
0
Let w(h) = -h**3 + 5*h**2 + 7*h - 3. Let x be w(6). What is the units digit of (x + 15/9)*3?
4
Suppose t + 5 = 2*t. Suppose -4*l = 5*g + 1 - 3, -t*l + 3*g + 21 = 0. Suppose -l = -6*c + 5*c. What is the units digit of c?
3
Suppose 4*d - 129 - 347 = 0. What is the tens digit of d?
1
Let o = -7 - -15. Suppose 4*r + 0 = o. What is the units digit of r?
2
Let i(g) = -2*g. Let t be i(-5). What is the units digit of (t - -1)/(2/2)?
1
Let n(v) = -v - 4. Let i be n(-7). Suppose -15 = -i*k - 0*k. Suppose k*u - 5*c = 45, 3*c = -4*u + 5*c + 38. What is the tens digit of u?
1
Let r(z) = 3*z**2 + z. Suppose -1 + 3 = 2*g. Let t be r(g). Suppose -68 + 16 = -t*w. What is the tens digit of w?
1
Suppose q = 2*x - 74, -4 = -5*q - 14. What is the units digit of x?
6
Let q(u) = u**2 + 18. What is the tens digit of q(-5)?
4
Suppose -5*p - 40 = -p. Suppose 0 = c + 2*i - 4*i + 7, -5*c + 3*i = 63. Let q = p - c. What is the units digit of q?
5
Let n(a) = 5 - 4 - 2*a + 0 + 3*a. What is the units digit of n(3)?
4
Let w(a) = -2*a**2 - 5*a - 3. Let h be w(-3). Let r be (1*h)/((-3)/2). What is the units digit of ((-4)/(-6))/(r/18)?
3
What is the tens digit of 119 - (-4 - 20/(-5))?
1
Let k = 6 + 10. What is the tens digit of k?
1
What is the tens digit of 700/21*72/15?
6
Let v = 116 - 79. Suppose 0 = -4*s + v - 1. Suppose -a = -5*g + 38, 5*a + 5 = 3*g - s. What is the units digit of g?
8
What is the units digit of (4/10)/(3/525)?
0
Let s(t) = -t**3 + 80. What is the tens digit of s(0)?
8
Let v(y) = y**2 - 6*y. Let u be v(6). Let c = u - -3. What is the units digit of c?
3
Suppose 3*z + 14 = 326. What is the units digit of z?
4
What is the tens digit of (5*(-78 - 4))/(-2)?
0
Suppose 4*g + 3*y + y - 472 = 0, -2*g + y + 251 = 0. What is the tens digit of g?
2
Suppose -3*c + 22 = 3*q + 4, -2*q - 5*c + 24 = 0. Let l(g) = g - 4. Let p be l(10). Suppose -p*x = -q*x - 40. What is the tens digit of x?
1
Let v be 14/(8/(-4)*1). Let w(x) = -3*x - 9. What is the units digit of w(v)?
2
Suppose -2*o - 14 = -5*t + t, 4 = 5*t + 2*o. Suppose t*u - 5*u = -4*z - 43, -5*u = 2*z - 11. Let y = z + 13. What is the units digit of y?
6
Suppose 305 = -x + 6*x. What is the units digit of x?
1
Suppose 2*s - v + 251 = 6*s, s = 3*v + 66. What is the tens digit of s?
6
What is the tens digit of (-72)/(-18) - (-204)/1?
0
Suppose h = -3*k - 4, 4*k + 18 + 2 = -5*h. Suppose k = 4*y - 5*y + 1. What is the units digit of ((-5)/4)/(y/(-4))?
5
Let v = 1 - -1. What is the tens digit of 208/7 + v/7?
3
Let j(l) be the second derivative of l**4/12 + l**3/3 - 2*l**2 + 7*l. What is the units digit of j(3)?
1
Let k(u) = -8*u**2 + 6*u - 8. Let i(r) = -7*r**2 + 5*r - 7. Let y(p) = -7*i(p) + 6*k(p). Let c be y(0). Suppose 5*h + c = 16. What is the units digit of h?
3
Let x(c) = -c + 1. Let o be x(5). Let f = 0 - o. Suppose -3*s + 5*q - 16 + 46 = 0, -s - 3*q - f = 0. What is the units digit of s?
5
Suppose 6*o = 11*o - 250. What is the tens digit of o?
5
Let k = -3 + 4. Let h be (-42)/(-3) - (k + 0). Let z = h + -7. What is the units digit of z?
6
Let x(m) = m**2 - 7*m - 3. Let k be x(8). Suppose 175 = k*z + 30. Suppose -4*q + z = -2*a - 5, -a = 1. What is the units digit of q?
8
Let d(w) = 2*w**2 - 11*w + 12. Let z be d(9). Suppose -i + 4*u = -6*i + z, -4*i = u - 49. What is the tens digit of i?
1
Let y(v) = 4*v**3 + 4*v**2 - 4*v - 1. What is the tens digit of y(2)?
3
Let o(n) = n**3 - 4*n + 2. Let u be o(4). Let p = -30 + u. What is the tens digit of p?
2
Let u(i) = 2*i**2 - 5*i - 1. Let p be u(5). Let z = -13 + p. What is the tens digit of z?
1
Suppose 182*z + 815 = 187*z. What is the hundreds digit of z?
1
Let z(f) = -f**3 - 10*f**2 - 11*f - 2. Let x be z(-9). Let u = x + -9. What is the units digit of u?
7
Let t(z) = -z + 50. What is the units digit of t(14)?
6
Suppose 0 = 3*c + 4 - 13. Suppose -x + 5*x = 0, c*r = x + 78. What is the units digit of r?
6
Suppose 3*b - 16 = 5. Let f = 38 + -23. Let x = f - b. What is the units digit of x?
8
Suppose -868 = -9*h + 1067. What is the units digit of h?
5
Suppose 3 = -5*a + 23. Suppose 4*k + a*d - 117 = -d, -3*k - 5*d + 94 = 0. What is the units digit of k?
3
Let w = 49 + -90. Let f = 69 + w. What is the units digit of f?
8
Let o(p) = p + 14. Let x(h) = 2*h + 27. Let i(g) = -11*o(g) + 6*x(g). What is the units digit of i(-5)?
3
Suppose 0 = 5*i - 5*s - 35, i + 0*i = -3*s - 1. What is the units digit of i?
5
Let o(u) = u**2 + u + 1. Let h(g) = g**3 + 6*g**2 + 4*g + 5. Let c(t) = h(t) - 5*o(t). What is the units digit of c(2)?
0
Suppose -3*p + 5*a = -475 - 80, 5*p = 5*a + 935. What is the units digit of p?
0
Let x be 8/(-2) + 2/1. Let u = x - -4. Suppose 5*c - 25 = -u*b, b + 7 = -c + 3*b. What is the units digit of c?
3
Let i be 1/(-3 + 20/6). Suppose 5*k - d - 4*d = 130, 0 = 5*k - i*d - 122. What is the units digit of k?
2
Suppose -v - 48 = -4*v. Suppose v + 104 = 3*j. What is the tens digit of j?
4
Let b be 3 + (-2 - -3) + -3. Let h be 1/(-4) - b/(-4). Let g(d) = -d**3 + d**2 + d + 7. What is the units digit of g(h)?
7
Suppose 4 = -3*w + b + 1, 0 = -5*w + 4*b - 12. Suppose 28 = 5*p + 3*o, 2 + 2 = 4*o. Let m = p + w. What is the units digit of m?
5
Suppose -2*k = -5*n + 2, -3*k - 3*n = -8*k + 14. What is the units digit of k?
4
Let u = 138 + -73. What is the tens digit of (-6)/(-10) - (-1261)/u?
2
Let l(f) = f**2 + f - 14. What is the hundreds digit of l(-16)?
2
Suppose 4*h - s = 135, h + 0*s + 2*s - 45 = 0. What is the units digit of h?
5
Suppose 0 = 2*z - 7*z + 265. What is the units digit of z?
3
Let k(d) = 2*d**3 + 4*d**2 + d + 6. Let w(g) = 2*g**3 + 3*g**2 + g + 5. Let n(m) = -6*k(m) + 7*w(m). What is the units digit of n(2)?
5
Let j(b) = 5*b + 1. Let m be j(-8). What is the units digit of 4/(-3) - 676/m?
6
Suppose 0*v = -2*v + 10. Let w(m) be the second derivative of -m**5/20 + m**4/2 - m**3/3 - 3*m**2 + 2*m. What is the units digit of w(v)?
9
Let a(v) = 53*v**2 - 2. What is the units digit of a(2)?
0
Suppose -19 = -4*r + 1. Suppose -5*b - r*i + 66 = 1, 4*b - 77 = i. What is the tens digit of b?
1
What is the units digit of ((-282)/11)/(-2) - 2/(-11)?
3
Let i be -1*(-2)/(-2)*-4. Suppose -4*p = 3*b - 23, -3*b + 0*p + 4*p + 31 = 0. Suppose 7*c + 4*j = 4*c + 27, c - b = -i*j. What is the units digit of c?
9
Let f(i) = i**3 + 6*i**2 + 7*i + 5. Let v be f(-4). Let w = v - 0. What is the units digit of w?
9
Suppose 28*b - 31*b = -468. What is the hundreds digit of b?
1
Let o = 14 + -10. Suppose 4*s + 4 = 0, s = -4*b + o*s + 15. What is the units digit of b?
3
Let t be (-8)/(-24) - 26/(-3). Let v = t + -2. What is the units digit of v?
7
Suppose x - 38 = 2. Suppose -g + x = 3*g. What is the units digit of g?
0
Let j be -2*-2*(-2)/(-4). Suppose -b - 2 = -j*b. What is the units digit of 1/b - 14/(-4)?
4
Let l be 2/3 - 34/6. Let y(n) = 6 - 46*n + 22*n + 23*n. What is the units digit of y(l)?
1
Suppose 4 = w - 5*q, 10 = -5*w - 3*q + 2. Let j be (0 - w) + -3 + 3. Suppose j = z - 14. What is the units digit of z?
5
Let m(a) = -a**2 - 5*a - 2 + 0*a + 0*a. Let i(w) = w + 8. Let x be i(-12). What is the units digit of m(x)?
2
Suppose 0 = -4*x + 31 + 29. Let b = -48 + 40. Let z = x + b. What is the units digit of z?
7
Let 